22543*c - 126. Give j(-4).
-42
Let q(d) = -8503*d - 178577. Determine q(-21).
-14
Let v(d) = -d**2 - 252*d - 3447. Give v(-237).
108
Let n(g) = -222412*g + 127. Give n(0).
127
Let s(x) = x**2 + 519*x + 8767. Calculate s(-17).
233
Let t(a) = -55*a**2 - 557*a - 1681. Calculate t(-3).
-505
Let x(c) = c**2 - 79*c - 911. What is x(-10)?
-21
Let b(f) = -253100*f + 4302792. Give b(17).
92
Let a(w) = -1517*w + 27277. Determine a(18).
-29
Let w(i) = 6*i**2 - 23*i - 25. What is w(-8)?
543
Let n(l) = -207*l - 39733. Determine n(-192).
11
Let v(w) = 153*w - 761. What is v(1)?
-608
Let k(r) = -583*r + 138060. Calculate k(239).
-1277
Let b(k) = 459*k + 4428. Calculate b(-12).
-1080
Let u(m) = -1921*m**2 + 7832*m + 7831. Determine u(-1).
-1922
Let k(v) = 16129*v + 17145125. What is k(-1063)?
-2
Let w(i) = 24*i**3 + 8*i**2 + 34*i + 21. Give w(-3).
-657
Let c(k) = 212547*k - 89. What is c(0)?
-89
Let u(p) = -53*p - 1398. Calculate u(-28).
86
Let r(d) = 3*d**2 + 28069*d + 364400. Calculate r(-13).
10
Let n(a) = -a**3 + 164*a**2 + 239*a - 62. Determine n(0).
-62
Let s(b) = -5986*b - 221575. What is s(-37)?
-93
Let g(c) = -558690*c - 3352145. Determine g(-6).
-5
Let q(c) = 2513558*c - 55298282. Give q(22).
-6
Let t(n) = 237*n**3 + 4*n**2 - 1688*n - 3383. Calculate t(-2).
-1887
Let l(o) = -10*o**2 + 484*o + 11070. Determine l(-17).
-48
Let k(b) = 2*b**2 - 4885*b + 334. What is k(0)?
334
Let f(s) = s**3 + 15*s**2 - 3*s - 48. Calculate f(-15).
-3
Let l(w) = 2*w**2 - 395*w + 17333. What is l(66)?
-25
Let s(t) = -22*t**3 - 1209*t**2 - 1213*t - 5. Determine s(-1).
21
Let v(h) = 180*h + 24695. Give v(-137).
35
Let y(f) = -3634*f + 163346. Determine y(45).
-184
Let g(b) = 984*b - 2682. Determine g(3).
270
Let n(z) = -109440*z + 8207955. Give n(75).
-45
Let q(a) = -a**2 - 43849*a + 7483235. Calculate q(170).
5
Let t(s) = -26*s**2 - 4929*s + 2054. Determine t(-190).
-36
Let g(j) = 3*j**2 - 1440*j - 31550. Give g(-21).
13
Let g(d) = 2610*d + 41765. What is g(-16)?
5
Let o(x) = -5*x**2 + 25*x + 25. Give o(9).
-155
Let p(r) = 877*r + 21178. What is p(-25)?
-747
Let a(l) = 266*l - 2740. Calculate a(18).
2048
Let r(v) = -3*v**3 + 38*v**2 + 495*v - 6138. Give r(14).
8
Let a(c) = c**3 + 5*c**2 - 35*c + 651. Calculate a(0).
651
Let o(r) = -r**2 + 68*r - 381. Give o(6).
-9
Let x(t) = t**3 + 25267*t**2 + 75793*t - 3. Give x(-3).
-6
Let m(f) = f**2 - 177*f + 4928. Calculate m(32).
288
Let d(s) = -21*s**2 - 2746*s - 2092. Calculate d(-130).
-12
Let b(y) = 1234*y**2 + 17281*y + 47. Calculate b(-14).
-23
Let c(u) = -u**3 - 108*u**2 + 938*u + 101291. What is c(-108)?
-13
Let h(y) = -13642*y + 149910. Give h(11).
-152
Let c(h) = h**3 - 53*h**2 - 548*h + 31179. What is c(52)?
-21
Let n(s) = -2*s**2 + 83*s - 906. Calculate n(32).
-298
Let c(n) = -3499*n - 272925. Calculate c(-78).
-3
Let d(i) = -876*i**2 + 19193*i + 1746. Determine d(22).
8
Let n(d) = -2*d**3 - 169*d**2 + 2664*d + 1794. Determine n(-98).
30
Let v(n) = -130994*n + 523972. Calculate v(4).
-4
Let k(n) = 2*n**3 + 198*n**2 - 200*n + 30. Give k(-100).
30
Let i(j) = -j**2 + 11361*j - 170163. Give i(15).
27
Let f(s) = -173471*s - 346951. What is f(-2)?
-9
Let h(q) = -2*q**2 + 81*q + 329. Determine h(21).
1148
Let g(x) = -2508190*x + 7524586. What is g(3)?
16
Let k(a) = -1040*a - 69106. What is k(-66)?
-466
Let f(a) = -128118*a - 1024935. Give f(-8).
9
Let k(f) = f**3 + 6*f**2 - 1204*f - 4893. Give k(-4).
-45
Let q(l) = -l**3 + 14*l**2 + 187*l + 803. Give q(-7).
523
Let y(u) = 5*u**2 - 3794*u + 345982. What is y(106)?
-2
Let u(n) = n**3 - 10*n**2 - 231*n - 5. Determine u(19).
-1145
Let s(x) = -2*x**2 + 25*x + 73. Calculate s(20).
-227
Let l(n) = -3*n**3 + 434*n**2 - 304*n + 1154. Calculate l(144).
-1150
Let m(x) = -2*x**2 + 18*x - 249. Calculate m(16).
-473
Let k(j) = -21*j**2 - 155*j + 838. Determine k(-11).
2
Let i(q) = 7*q**2 - 1851*q + 1860. Determine i(1).
16
Let h(x) = -x**3 + 171*x**2 + 676*x + 4196. Calculate h(175).
-4
Let p(x) = x**3 + 161*x**2 + 927*x - 581. Give p(-155).
-116
Let u(k) = -47*k**2 + 17*k - 73. Give u(-9).
-4033
Let w(q) = -243*q**2 - 207*q + 798. What is w(4)?
-3918
Let x(a) = -5*a**3 - 2031*a**2 + 7780*a - 4096. Determine x(-410).
4
Let z(u) = 144*u - 13664. Determine z(94).
-128
Let h(y) = -302*y**2 + 75*y + 6. What is h(1)?
-221
Let z(r) = 2*r**3 + 103*r**2 + 71*r + 227. Give z(-51).
-793
Let l(z) = -21629*z + 3655308. What is l(169)?
7
Let b(s) = -5*s**3 + 143*s**2 - 209*s + 23. Calculate b(27).
212
Let w(p) = 484*p + 6286. Calculate w(-14).
-490
Let z(a) = 335*a**2 + 1296*a + 145. Give z(-4).
321
Let m(l) = -l**2 + 430*l - 20249. Give m(54).
55
Let g(j) = 13637*j + 176754. What is g(-13)?
-527
Let y(z) = 12687*z - 494785. Give y(39).
8
Let r(j) = -12*j**2 + 1628*j - 6489. Calculate r(4).
-169
Let b(l) = -4148*l - 29061. Calculate b(-7).
-25
Let b(d) = 4*d**2 + 27*d - 444. Give b(6).
-138
Let n(s) = 7*s**3 - 14*s**2 - 123*s - 9. Determine n(-5).
-619
Let a(i) = -400436*i + 400442. Calculate a(1).
6
Let b(d) = 20*d**3 + 29*d**2 + 163*d - 63. Calculate b(-5).
-2653
Let a(f) = 21*f**3 + 74*f**2 - 170*f. Give a(-5).
75
Let q(m) = 9*m**2 - 1658*m + 49026. Give q(37).
1
Let z(r) = -93*r**2 - 633*r - 1269. What is z(-2)?
-375
Let t(y) = 36349*y + 581576. Give t(-16).
-8
Let v(s) = -2*s**2 + 30*s - 305. Calculate v(16).
-337
Let u(d) = 45961*d + 1148968. Give u(-25).
-57
Let f(x) = 3*x**3 - 17455*x**2 + 191639*x + 6. What is f(11)?
-27
Let s(o) = -38*o**2 - 3022*o - 15173. Calculate s(-5).
-1013
Let x(j) = 3*j**2 + 118*j - 255. What is x(-56)?
2545
Let w(f) = -79*f + 522. Give w(18).
-900
Let t(g) = -922*g + 142921. Give t(155).
11
Let v(s) = 9*s**3 - 4312*s**2 + 457*s + 10834. Calculate v(479).
296
Let s(h) = -12*h**2 + 143*h + 355. What is s(14)?
5
Let w(m) = m**3 + 769*m**2 + 134027*m - 3513. Calculate w(-502).
1
Let v(h) = -30*h**3 + 77*h**2 + 21*h + 8. What is v(3)?
-46
Let y(c) = 1944894*c + 11669370. Give y(-6).
6
Let q(s) = -3084*s**2 + 9121*s + 396. What is q(3)?
3
Let q(a) = a**2 - 203740*a - 1222452. What is q(-6)?
24
Let a(o) = o**3 + 36*o**2 + 256*o + 589. Determine a(-24).
1357
Let n(k) = k**3 - 33*k**2 + 199*k + 5. Determine n(11).
-468
Let i(j) = 1764*j - 5616. Determine i(3).
-324
Let n(w) = -3*w**2 - 2350*w + 2359. Calculate n(1).
6
Let z(a) = -3*a**2 + 4246*a - 240078. Give z(59).
-7
Let j(b) = -b**3 - 6*b**2 + 256*b + 130. What is j(-19)?
-41
Let r(c) = -3121*c + 424380. Give r(136).
-76
Let a(s) = -9549*s + 1298588. What is a(136)?
-76
Let j(q) = -39202*q + 1097501. Calculate j(28).
-155
Let y(v) = -v**2 - 41*v + 3497. What is y(43)?
-115
Let g(h) = 13*h**3 - 100*h**2 + 2*h - 192. What is g(8)?
80
Let y(s) = 1793*s - 82690. Determine y(46).
-212
Let w(f) = 18*f**3 + 49*f**2 + 24*f + 49. Give w(-3).
-68
Let k(t) = 54*t**2 + 118*t - 242. Calculate k(2).
210
Let a(d) = -2*d**3 - 68*d**2 + 172*d + 958. Determine a(-36).
-50
Let z(i) = -i**3 + 65*i**2 - 60*i + 2724. Determine z(65).
-1176
Let n(a) = 4*a**2 + 370*a - 26232. Determine n(47).
-6
Let q(i) = 5952*i - 154729. What is q(26)?
23
Let k(h) = -170*h - 19254. Give k(-114).
126
Let x(y) = 426*y + 151032. Give x(-355).
-198
Let d(k) = k**3 + 18*k**2 - 61*k + 837. Give d(-24).
-1155
Let s(u) = -3*u**2 + 544*u - 18401. Calculate s(45).
4
Let t(j) = 333*j - 51541. Determine t(142).
-4255
Let b(i) = -2*i**2 - 133092*i + 532359. Give b(4).
-41
Let x(u) = 6*u**2 + 482*u - 36922. What is x(48)?
38
Let o(u) = -3*u**2 + 142*u - 1824. Determine o(27).
-177
Let o(h) = -114*h**2 - 13794*h + 826. Calculate o(-121).
826
Let r(n) = 191998*n + 14783849. What is r(-77)?
3
Let f(c) = -70045*c + 15339870. Determine f(219).
15
Let k(m) = 7*m**3 - 53*m**2 + 28*m + 3. Determine k(5).
-307
Let t(i) = -i**3 + 92*i**2 + 329*i + 5277. Calculate t(96).
-3
Let d(j) = 10*j**3 - 313*j**2 - 1690*j - 68. Determine d(36).
4
Let d(z) = -5*z**3 - 1437*z**2 + 2315*z + 852. Determine d(-289).
-15
Let f(n) = 9605155*n - 28815473. Calculate f(3).
-8
Let j(z) = 3204*z - 93400. Give j(29).
-484
Let w(c) = 871*c**2 - 12198*c + 113. What is w(14)?
57
Let o(m) = 23720*m - 284575. What is o(12)?
65
Let i(d) = 16*d**2 - 136*d - 606. Give i(-5).
474
Let i(g) = 4*g**2 + 6541*g + 45545. Give i(-7).
-46
Let v(j) = -j**2 - 6514*j - 710738. Give v(-111).
-5
Let v(k) = -k**2 + 200*k + 250